
21
Let f = 14 - -12. Let x(l) = -l**3 - 4*l**2 + 21*l + 2. Let v be x(-7). Let z be v/(-13) + 446/f. What is the highest common factor of 136 and z?
17
Suppose 22*l - 135*l = -448045. What is the highest common factor of l and 65?
65
Let d(m) be the second derivative of -m**4/12 - 23*m**3/6 + m**2 - 135*m. Let n be d(-13). Calculate the highest common factor of n and 84.
12
Suppose -5 + 3 = y - 3*v, -y - 4*v = 2. Let w = 6 - y. Let h = 277 - 273. Calculate the highest common factor of h and w.
4
Let q(a) = 40*a + 158. Let v be q(-17). Let c = v - -542. Calculate the greatest common divisor of 50 and c.
10
Suppose 7*p - 4*u = 4*p + 15, -4*p + 2*u = -10. Let y = 36 - p. Let k = 92 - -188. What is the highest common divisor of k and y?
35
Let y = 196 + -183. Suppose 16*b - y*b - 4*z = 878, -2*b = -2*z - 586. Calculate the greatest common divisor of 42 and b.
42
Let p(h) = h**3 + 46*h**2 + 475*h - 5. Let j be p(-16). What is the greatest common factor of 135 and j?
15
Let u = 10667 - 10550. Let y(o) = o**3 + 5*o**2 + 2*o - 3. Let z be y(-3). Calculate the highest common divisor of z and u.
9
Let h be ((-25)/6)/(-5) + 2/12. Let s = -3 + h. Let z be 1/s*6 + 88. What is the highest common divisor of 34 and z?
17
Suppose -12*d - 11*d = -759. Suppose z = n - 460, 29*n - d*n - 5*z = -1804. What is the greatest common divisor of n and 24?
24
Suppose 125 = 6*v - 31*v. Let c(a) = -154*a - 206. Let j be c(v). Calculate the greatest common divisor of 24 and j.
12
Let v = -35 - -29. Let k(c) = c**3 + 6*c**2 + c + 2. Let a be k(v). Let o = 5 + a. What is the greatest common factor of o and 11?
1
Let y = 19420 - 6545. What is the highest common factor of y and 250?
125
Let m be 0/(-85) - (-384)/6. Suppose -4*z + 4*i = i + 7, 0 = -3*z + 3*i - 9. Calculate the greatest common factor of z and m.
2
Let m(l) = 4*l**2 - 8*l - 8. Let j be m(-1). Suppose 7*o - j*u + 70 = 12*o, -4*u + 60 = 4*o. Calculate the greatest common divisor of o and 100.
10
Let b be 12 - (6 - -4) - (1 - 338). Let c = b - 330. What is the highest common divisor of 9 and c?
9
Let z be ((-45)/(-6))/(1/12). Let t = 127 - z. Let c = -13 + t. Calculate the greatest common divisor of 3 and c.
3
Let i be 1/((-1)/2)*(-18)/6. Suppose -7*x + i + 8 = 0. Suppose -5*g + 15 = 0, -c + 0*c - x*g + 17 = 0. What is the greatest common factor of c and 88?
11
Let b = 6220 + -6184. Calculate the greatest common factor of 18108 and b.
36
Let y = 4720 + -4384. Calculate the highest common divisor of 1050 and y.
42
Let c(i) = -134*i - 2. Let r be c(-1). Suppose 3 = z + 4*s - 23, 4*z + 2*s - r = 0. What is the greatest common factor of z and 102?
34
Suppose 0 = 39*i - 524 - 646. What is the highest common divisor of i and 5190?
30
Let b = -1890 - -1945. Let d(j) = j**2 + 2. Let m be d(-3). Calculate the greatest common divisor of b and m.
11
Suppose 0 = 38*w + 15*w - 80136. What is the highest common factor of 540 and w?
108
Let j(i) = i**3 - i**2 - 4*i + 5. Let k be j(2). Let m(y) = 32*y**2 - 11*y + 12. Let b be m(k). Calculate the highest common factor of 506 and b.
11
Let v(j) = -11*j + 197. Let b = -122 + 139. Let r be v(b). What is the greatest common factor of 130 and r?
10
Suppose -a + 2*b + 122 = 6*b, -3*b = 4*a - 475. What is the highest common divisor of a and 1888?
118
Suppose -3*j - j + 16 = 0. Let u be (-6*j)/(-4) + 4. Let x be (-16)/u*60/(-8). What is the greatest common divisor of x and 84?
12
Let l(v) = v + 123. Let p be l(7). Suppose -5*u + p = 5*o, -u + 15*o = 18*o - 34. What is the greatest common divisor of u and 198?
22
Let t = 3504 + -2591. Calculate the highest common divisor of t and 11.
11
Let m = 136 - 142. Let x be (-360)/(-80)*(-8)/m. Calculate the greatest common divisor of 4 and x.
2
Let u(q) = q**3 + 16*q**2 + 149*q - 49. Let n be u(24). Calculate the greatest common divisor of 31 and n.
31
Let t(m) = 22*m + 3. Let v be t(3). Let w = 6717 + -6711. Calculate the greatest common factor of v and w.
3
Suppose -5*l = 5*w + 485, 89 = -0*l - l - 5*w. Let i = l - -104. Suppose 0 = -o - 2*u - 1, -3*o - u = -i*u - 27. What is the greatest common divisor of 5 and o?
5
Suppose 4*y - 4*n - 248 = 0, 0 = -y + 8*n - 4*n + 50. Suppose 4*c = 3*l + 678, -312*c - 4*l = -317*c + 849. Calculate the highest common divisor of y and c.
33
Let k = -95 + 203. Let x be (2/4)/(2/k). Let n be (-249)/(-27) + (-6)/x. What is the highest common factor of 63 and n?
9
Let t be 3/(-12) - (4/(-16) - -2). Let k be (t/3)/(1/(-12)). Let n be (5 - 4)/(1/(-2)) + k. What is the greatest common divisor of n and 42?
6
Let u(c) = 89*c - 9996. Let g be u(124). Calculate the greatest common factor of 48 and g.
16
Suppose -99*q + 105*q = 6204. Calculate the greatest common factor of q and 282.
94
Let a = -108 + 108. Suppose a = 2*x - 8, -d + 5*x + 237 = -83. Calculate the greatest common divisor of 20 and d.
20
Suppose 4*m - 112 = 6*n - 7*n, -80 = -n + 4*m. Suppose 0 = r + d - n, -3*r - d + 131 + 155 = 0. Calculate the highest common factor of 114 and r.
19
Suppose 4*t - 2*d + 36 = 156, -5*t - d + 164 = 0. Calculate the highest common factor of 688 and t.
16
Let g be -3 + (-3 - (-3 + 2) - -142). Suppose 0 = -8*h + 4169 - g. Suppose -h = -2*b - 10*b. What is the highest common divisor of b and 63?
21
Let a be 1 - 3/(-9)*-6*-10. Suppose -36*v = -31*v + 375. Let u be (v/(-6) + -2)*2. Calculate the highest common divisor of u and a.
21
Let p(t) = -170*t**3 + t + 1. Let z be p(-1). Suppose 0 = -5*w - 322*i + 323*i + 208, -w = 2*i - 24. What is the greatest common divisor of z and w?
10
Suppose -3*p - u = -492, -5*p - 522 = -2*u - 1342. What is the highest common divisor of p and 205?
41
Suppose -35*o + 32*o = -158*o + 310. Suppose 3*q + q = -4*v + 72, 0 = 5*v - 4*q - 81. Calculate the greatest common divisor of v and o.
1
Let a be (1 + 5)*23954/236. Calculate the highest common divisor of 435 and a.
87
Suppose -q - 87 = -4*q. Suppose 2*y = a + 37, -2*a + q = y + a. Let m = 34 - y. Calculate the greatest common divisor of m and 35.
7
Let t be (6 + -4)*(-16072)/(-2). Let s be -2*(-1)/(-10) - t/(-35). Calculate the highest common divisor of 18 and s.
9
Let g(r) = -4*r + 24. Let x be g(5). Suppose -4*l = -a + 84, -x*a + 57 = 2*l - 225. Suppose -a = -3*y - 18. Calculate the highest common factor of y and 4.
2
Let u(p) = 11*p**2 + 14*p + 21. Let y be u(-3). Suppose -53*q + 3120 = -23*q. What is the greatest common divisor of y and q?
26
Let f(h) = -2*h**3 + 38*h**2 + 4*h + 270. Let l be f(18). What is the highest common divisor of l and 2070?
90
Suppose 11*p - 3995 = -992. Let t = p + -258. What is the greatest common factor of 55 and t?
5
Let o(k) = 3*k**3 - 8*k**2 + 86*k - 105. Let z be o(13). What is the greatest common divisor of 24 and z?
12
Let x = 54 + -52. Suppose -4*d - 2*m = -386, 196 = x*d + m + m. Let z = -62 + d. Calculate the highest common divisor of 11 and z.
11
Let u be (831/(-9) - (-54)/(-9))/((-1)/21). What is the highest common divisor of 70 and u?
35
Let k = 17177 - 17111. What is the greatest common factor of 3586 and k?
22
Suppose -25*b + 28*b + 3*d - 30 = 0, -d = 2*b - 26. Let j(s) = 4*s**2 - 7*s - 1. Let u be j(5). Calculate the greatest common divisor of b and u.
16
Let c(v) = -50*v + 1144. Let a be c(19). Calculate the greatest common factor of a and 2.
2
Suppose -4*s = -379 + 155. Let y = 3967 - 3743. Calculate the highest common factor of y and s.
56
Let u be (0 + 22)*-2*9/(-12). Let a = -605 + 946. What is the highest common divisor of u and a?
11
Suppose 0 = -2*l + z + 435, 7*l = 9*l + 2*z - 444. Calculate the greatest common factor of 949 and l.
73
Suppose -10*b + 341 + 2049 = 0. Let j = -226 + b. What is the greatest common divisor of 26 and j?
13
Suppose 827*v - 787*v - 186955 = -8355. What is the greatest common divisor of 133 and v?
19
Let y = 2 - -16. Let n be (-2)/(-8) - 28/(-16). Let c = y + n. Calculate the greatest common factor of c and 20.
20
Let r(p) = -8*p + 5. Let k be r(0). Let a be 5 - (1362/(-3) + k + -1). Calculate the greatest common factor of 35 and a.
35
Suppose 43*i - 70*i + 3402 = 0. Let b = i + -36. Calculate the highest common divisor of 720 and b.
90
Let c be (-1)/(-1)*(-4 - (3 + -7)). Suppose c = -4*j + 17 + 7. Let f be (-2 + 4 + -44)/(-1 - 0). Calculate the greatest common divisor of 